t of 1505185?
5
What is the tens digit of 15850864?
6
What is the tens digit of 1331916?
1
What is the thousands digit of 1375977?
5
What is the ten thousands digit of 6007932?
0
What is the hundred thousands digit of 1146617?
1
What is the hundreds digit of 2237961?
9
What is the hundred thousands digit of 2728185?
7
What is the thousands digit of 386879?
6
What is the thousands digit of 4137451?
7
What is the tens digit of 185?
8
What is the hundred thousands digit of 150092?
1
What is the thousands digit of 343492?
3
What is the ten thousands digit of 3637194?
3
What is the tens digit of 330085?
8
What is the ten thousands digit of 1483512?
8
What is the thousands digit of 272283?
2
What is the units digit of 12214515?
5
What is the millions digit of 1987190?
1
What is the tens digit of 18168919?
1
What is the ten thousands digit of 1337107?
3
What is the tens digit of 295675?
7
What is the units digit of 1985049?
9
What is the units digit of 420464?
4
What is the thousands digit of 19224?
9
What is the millions digit of 5150947?
5
What is the ten thousands digit of 21380624?
8
What is the hundreds digit of 11660003?
0
What is the tens digit of 1400594?
9
What is the hundreds digit of 1266187?
1
What is the units digit of 802891?
1
What is the units digit of 54150?
0
What is the thousands digit of 3588405?
8
What is the ten thousands digit of 814388?
1
What is the hundred thousands digit of 156802?
1
What is the thousands digit of 251594?
1
What is the thousands digit of 400418?
0
What is the millions digit of 21100241?
1
What is the thousands digit of 14402062?
2
What is the hundreds digit of 8195052?
0
What is the hundreds digit of 551940?
9
What is the hundred thousands digit of 447034?
4
What is the tens digit of 9693450?
5
What is the hundreds digit of 165613?
6
What is the millions digit of 1236451?
1
What is the thousands digit of 135136?
5
What is the hundreds digit of 427596?
5
What is the units digit of 191795?
5
What is the ten thousands digit of 1734119?
3
What is the units digit of 5014775?
5
What is the thousands digit of 217067?
7
What is the tens digit of 3988769?
6
What is the thousands digit of 3679698?
9
What is the ten millions digit of 13230838?
1
What is the thousands digit of 3830775?
0
What is the ten thousands digit of 21553816?
5
What is the ten thousands digit of 711046?
1
What is the hundreds digit of 228266?
2
What is the thousands digit of 1324170?
4
What is the hundred thousands digit of 36911551?
9
What is the hundreds digit of 708007?
0
What is the hundreds digit of 1638641?
6
What is the tens digit of 1064763?
6
What is the tens digit of 152056?
5
What is the tens digit of 82742?
4
What is the tens digit of 12744478?
7
What is the ten thousands digit of 164132?
6
What is the units digit of 35018190?
0
What is the thousands digit of 290949?
0
What is the units digit of 2962991?
1
What is the hundred thousands digit of 9206717?
2
What is the tens digit of 882444?
4
What is the units digit of 1989624?
4
What is the units digit of 136367?
7
What is the thousands digit of 4370386?
0
What is the tens digit of 69372?
7
What is the tens digit of 261758?
5
What is the hundreds digit of 665234?
2
What is the thousands digit of 9240110?
0
What is the units digit of 558277?
7
What is the millions digit of 9260747?
9
What is the hundred thousands digit of 610554?
6
What is the units digit of 2451351?
1
What is the thousands digit of 1508666?
8
What is the hundreds digit of 937442?
4
What is the hundred thousands digit of 1003669?
0
What is the tens digit of 74311?
1
What is the hundred thousands digit of 1482293?
4
What is the hundreds digit of 2780742?
7
What is the thousands digit of 131836?
1
What is the hundred thousands digit of 3628320?
6
What is the thousands digit of 314107?
4
What is the tens digit of 307359?
5
What is the thousands digit of 57096?
7
What is the thousands digit of 3290285?
0
What is the units digit of 1069901?
1
What is the hundreds digit of 50244?
2
What is the millions digit of 1288875?
1
What is the ten thousands digit of 10164234?
6
What is the hundred thousands digit of 548685?
5
What is the ten millions digit of 11125680?
1
What is the ten thousands digit of 20222574?
2
What is the hundred thousands digit of 4184260?
1
What is the ten thousands digit of 5784358?
8
What is the hundred thousands digit of 3516661?
5
What is the ten thousands digit of 12132754?
3
What is the tens digit of 25421249?
4
What is the hundreds digit of 2833330?
3
What is the thousands digit of 144332?
4
What is the units digit of 373229?
9
What is the units digit of 95716?
6
What is the millions digit of 2606457?
2
What is the tens digit of 2090514?
1
What is the units digit of 6872597?
7
What is the ten thousands digit of 421615?
2
What is the thousands digit of 44148?
4
What is the tens digit of 9552?
5
What is the ten thousands digit of 1817405?
1
What is the thousands digit of 664350?
4
What is the thousands digit of 304230?
4
What is the hundred thousands digit of 409419?
4
What is the tens digit of 963698?
9
What is the units digit of 1451727?
7
What is the ten millions digit of 18680797?
1
What is the tens digit of 706903?
0
What is the thousands digit of 6389882?
9
What is the thousands digit of 32670?
2
What is the tens digit of 566159?
5
What is the tens digit of 2126600?
0
What is the hundred thousands digit of 19963405?
9
What is the millions digit of 9598492?
9
What is the thousands digit of 2074040?
4
What is the thousands digit of 7991051?
1
What is the thousands digit of 3303932?
3
What is the thousands digit of 1460336?
0
What is the thousands digit of 1210053?
0
What is the ten thousands digit of 14302661?
0
What is the hundred thousands digit of 860932?
8
What is the millions digit of 13871657?
3
What is the hundreds digit of 6646?
6
What is the thousands digit of 616545?
6
What is the ten thousands digit of 266760?
6
What is the units digit of 501837?
7
What is the units digit of 175001?
1
What is the units digit of 3364276?
6
What is the units digit of 3893875?
5
What is the hundred thousands digit of 9317113?
3
What is the units digit of 3730655?
5
What is the hundred thousands digit of 6085513?
0
What is the thousands digit of 70788?
0
What is the hundreds digit of 17336?
3
What is the hundred thousands digit of 18713099?
7
What is the thousands digit of 2195501?
5
What is the units digit of 102164?
4
What is the hundreds digit of 6915137?
1
What is the millions digit of 18466735?
8
What is the hundred thousands digit of 9815658?
8
What is the hundred thousands digit of 246008?
2
What is the hundreds digit of 9747312?
3
What is the ten thousands digit of 661913?
6
What is the ten thousands digit of 187249?
8
What is the hundred thousands digit of 2017190?
0
What is the millions digit of 14454688?
4
What is the thousands digit of 37267435?
7
What is the thousands digit of 5987221?
7
What is the hundreds digit of 85082?
0
What is the thousands digit of 845659?
5
What is the ten thousands digit of 599256?
9
What is the hundreds digit of 1406279?
2
What is the thousands digit of 3318618?
8
What is the units digit of 237647?
7
What is the hundred thousands digit of 707504?
7
What is the thousands digit of 9467748?
7
What is the hundred thousands digit of 2934646?
9
What is the units digit of 1619624?
4
What is the hundred thousands digit of 7592339?
5
What is the ten millions digit of 19061022?
1
What is the millions digit of 4410099?
4
What is the hundred thousands digit of 10418011?
4
What is the millions digit of 4395622?
4
What is the hundreds digit of 41356?
3
What is the ten thousands digit of 838493?
3
What is the tens digit of 3300327?
2
What is the ten thousands digit of 5068258?
6
What is the hundred thousands digit of 476612?
4
What is the tens digit of 216887?
8
What is the tens digit of 81660?
6
What is the millions digit of 1775186?
1
What is the hundred thousands digit of 6470504?
4
What is the units digit of 690189?
9
What is the hundred thousands digit of 7449633?
4
What is the tens digit of 2199836?
3
What is the units digit of 1189105?
5
What is the hundreds digit of 1262436?
4
What is the thousands digit of 217735?
7
What is the hundred thousands digit of 2110549?
1
What i